{"id":11423,"date":"2025-03-10T18:02:34","date_gmt":"2025-03-10T17:02:34","guid":{"rendered":"https:\/\/petits-chanteurs-strasbourg.com\/?page_id=11423"},"modified":"2025-03-10T20:12:44","modified_gmt":"2025-03-10T19:12:44","slug":"formation-musicale-en-pedagogies-actives","status":"publish","type":"page","link":"https:\/\/petits-chanteurs-strasbourg.com\/index.php\/formation-musicale-en-pedagogies-actives\/","title":{"rendered":"Formation musicale en p\u00e9dagogies actives"},"content":{"rendered":"\t\t<div data-elementor-type=\"wp-page\" data-elementor-id=\"11423\" class=\"elementor elementor-11423\">\n\t\t\t\t\t\t<section class=\"elementor-section elementor-top-section elementor-element elementor-element-392ae39 elementor-section-boxed elementor-section-height-default elementor-section-height-default qodef-elementor-content-no\" data-id=\"392ae39\" data-element_type=\"section\" data-e-type=\"section\">\n\t\t\t\t\t\t<div class=\"elementor-container elementor-column-gap-default\">\n\t\t\t\t\t<div class=\"elementor-column elementor-col-33 elementor-top-column elementor-element elementor-element-40ee64a\" data-id=\"40ee64a\" data-element_type=\"column\" data-e-type=\"column\">\n\t\t\t<div class=\"elementor-widget-wrap elementor-element-populated\">\n\t\t\t\t\t\t<div class=\"elementor-element elementor-element-d007817 elementor-widget elementor-widget-video\" data-id=\"d007817\" data-element_type=\"widget\" data-e-type=\"widget\" data-settings=\"{&quot;video_type&quot;:&quot;hosted&quot;,&quot;autoplay&quot;:&quot;yes&quot;,&quot;play_on_mobile&quot;:&quot;yes&quot;,&quot;mute&quot;:&quot;yes&quot;,&quot;loop&quot;:&quot;yes&quot;,&quot;controls&quot;:&quot;yes&quot;}\" data-widget_type=\"video.default\">\n\t\t\t\t<div class=\"elementor-widget-container\">\n\t\t\t\t\t\t\t<div class=\"e-hosted-video elementor-wrapper elementor-open-inline\">\n\t\t\t\t\t<video class=\"elementor-video\" src=\"https:\/\/petits-chanteurs-strasbourg.com\/wp-content\/uploads\/2025\/03\/form-mus-PA-1.m4v\" autoplay=\"\" loop=\"\" controls=\"\" muted=\"muted\" playsinline=\"\" controlsList=\"nodownload\"><\/video>\n\t\t\t\t<\/div>\n\t\t\t\t\t\t<\/div>\n\t\t\t\t<\/div>\n\t\t\t\t\t<\/div>\n\t\t<\/div>\n\t\t\t\t<div class=\"elementor-column elementor-col-66 elementor-top-column elementor-element elementor-element-28de1bc\" data-id=\"28de1bc\" data-element_type=\"column\" data-e-type=\"column\">\n\t\t\t<div class=\"elementor-widget-wrap elementor-element-populated\">\n\t\t\t\t\t\t<div class=\"elementor-element elementor-element-0d138c8 elementor-widget elementor-widget-text-editor\" data-id=\"0d138c8\" data-element_type=\"widget\" data-e-type=\"widget\" data-widget_type=\"text-editor.default\">\n\t\t\t\t<div class=\"elementor-widget-container\">\n\t\t\t\t\t\t\t\t\t<p class=\"p1\"><span class=\"s1\">L&rsquo;objectif de la formation musicale en p\u00e9dagogies actives est de permettre \u00e0 chaque enfant de se repr\u00e9senter mentalement la musique et, ainsi, d\u00e9velopper son oreille musicale.<\/span><\/p><p class=\"p1\"><span class=\"s1\">La musique peut alors \u00eatre per\u00e7ue comme une nouvelle langue qu&rsquo;on apprend avec son alphabet, ses codes, ses expressions&#8230;<\/span><\/p><p class=\"p1\"><span class=\"s1\">Les enfants interpr\u00e8tent tr\u00e8s naturellement \u00e0 leur fa\u00e7on afin de d\u00e9velopper leur interpr\u00e9tation &#8211; d&rsquo;une rythmique, d&rsquo;une m\u00e9lodie &#8211; de mani\u00e8re \u00e0 mettre en avant une notion solf\u00e9gique pr\u00e9cise.\u00a0<\/span><\/p><p class=\"p1\"><span class=\"s1\">En pratique, cela peut se traduire par des jeux d&rsquo;\u00e9coute, de coordination, d&rsquo;improvisation, de d\u00e9placement. Tous ensemble, en bin\u00f4me, par petits groupes&#8230;<\/span><\/p>\t\t\t\t\t\t\t\t<\/div>\n\t\t\t\t<\/div>\n\t\t\t\t\t<\/div>\n\t\t<\/div>\n\t\t\t\t\t<\/div>\n\t\t<\/section>\n\t\t\t\t<section class=\"elementor-section elementor-top-section elementor-element elementor-element-e512f2a elementor-section-boxed elementor-section-height-default elementor-section-height-default qodef-elementor-content-no\" data-id=\"e512f2a\" data-element_type=\"section\" data-e-type=\"section\">\n\t\t\t\t\t\t<div class=\"elementor-container elementor-column-gap-default\">\n\t\t\t\t\t<div class=\"elementor-column elementor-col-100 elementor-top-column elementor-element elementor-element-6d30e72\" data-id=\"6d30e72\" data-element_type=\"column\" data-e-type=\"column\">\n\t\t\t<div class=\"elementor-widget-wrap elementor-element-populated\">\n\t\t\t\t\t\t<div class=\"elementor-element elementor-element-8314f0f elementor-widget elementor-widget-text-editor\" data-id=\"8314f0f\" data-element_type=\"widget\" data-e-type=\"widget\" data-widget_type=\"text-editor.default\">\n\t\t\t\t<div class=\"elementor-widget-container\">\n\t\t\t\t\t\t\t\t\t<p class=\"p1\"><span class=\"s1\">Apprendre une notion par le biais du mouvement ou des \u00e9motions ressenties est stimulant et leur permet de mieux retenir et d&rsquo;ancrer plus naturellement les notions apprises.<\/span><\/p><p class=\"p1\"><span class=\"s1\"> Apprendre \u00e0 ressentir pour mieux faire.\u00a0<\/span><\/p>\t\t\t\t\t\t\t\t<\/div>\n\t\t\t\t<\/div>\n\t\t\t\t\t<\/div>\n\t\t<\/div>\n\t\t\t\t\t<\/div>\n\t\t<\/section>\n\t\t\t\t<section class=\"elementor-section elementor-top-section elementor-element elementor-element-2bc229a elementor-section-boxed elementor-section-height-default elementor-section-height-default qodef-elementor-content-no\" data-id=\"2bc229a\" data-element_type=\"section\" data-e-type=\"section\">\n\t\t\t\t\t\t<div class=\"elementor-container elementor-column-gap-default\">\n\t\t\t\t\t<div class=\"elementor-column elementor-col-100 elementor-top-column elementor-element elementor-element-dae1e20\" data-id=\"dae1e20\" data-element_type=\"column\" data-e-type=\"column\">\n\t\t\t<div class=\"elementor-widget-wrap elementor-element-populated\">\n\t\t\t\t\t\t<div class=\"elementor-element elementor-element-689a14b elementor-widget elementor-widget-spacer\" data-id=\"689a14b\" data-element_type=\"widget\" data-e-type=\"widget\" data-widget_type=\"spacer.default\">\n\t\t\t\t<div class=\"elementor-widget-container\">\n\t\t\t\t\t\t\t<div class=\"elementor-spacer\">\n\t\t\t<div class=\"elementor-spacer-inner\"><\/div>\n\t\t<\/div>\n\t\t\t\t\t\t<\/div>\n\t\t\t\t<\/div>\n\t\t\t\t\t<\/div>\n\t\t<\/div>\n\t\t\t\t\t<\/div>\n\t\t<\/section>\n\t\t\t\t<section class=\"elementor-section elementor-top-section elementor-element elementor-element-eed2a40 elementor-section-boxed elementor-section-height-default elementor-section-height-default qodef-elementor-content-no\" data-id=\"eed2a40\" data-element_type=\"section\" data-e-type=\"section\">\n\t\t\t\t\t\t<div class=\"elementor-container elementor-column-gap-default\">\n\t\t\t\t\t<div class=\"elementor-column elementor-col-100 elementor-top-column elementor-element elementor-element-98a4e4d\" data-id=\"98a4e4d\" data-element_type=\"column\" data-e-type=\"column\">\n\t\t\t<div class=\"elementor-widget-wrap elementor-element-populated\">\n\t\t\t\t\t\t<div class=\"elementor-element elementor-element-652a510 elementor-widget elementor-widget-qi_addons_for_elementor_blog_list\" data-id=\"652a510\" data-element_type=\"widget\" data-e-type=\"widget\" data-widget_type=\"qi_addons_for_elementor_blog_list.default\">\n\t\t\t\t<div class=\"elementor-widget-container\">\n\t\t\t\t\t<div class=\"qodef-shortcode qodef-m qodef-addons-blog-list qodef-alignment--centered qodef-info-no-icons qodef-image--hover-zoom qodef-qi-grid qodef-layout--qi-columns qodef-col-num--4 qodef-item-layout--boxed qodef-responsive--predefined\" >\n\t<div class=\"qodef-grid-inner\">\n\t\t<article class=\"qodef-e qodef-blog-item qodef-grid-item qodef-item--thumbnail post-4946 post type-post status-publish format-standard has-post-thumbnail hentry category-cham category-formation-musicale category-les-intervenants\">\n\t<div class=\"qodef-e-inner\">\n\t\t<div class=\"qodef-e-media-holder\">\n\t\t\t<div class=\"qodef-e-media\">\n\t\t<div class=\"qodef-e-media-image\">\n\t\t<a itemprop=\"url\" href=\"https:\/\/petits-chanteurs-strasbourg.com\/index.php\/2023\/02\/11\/alexia-walter\/\">\n\t\t\t<img decoding=\"async\" width=\"150\" height=\"150\" src=\"https:\/\/petits-chanteurs-strasbourg.com\/wp-content\/uploads\/2024\/09\/photos-staff.001-150x150.jpg\" class=\"attachment-thumbnail size-thumbnail\" alt=\"\" srcset=\"https:\/\/petits-chanteurs-strasbourg.com\/wp-content\/uploads\/2024\/09\/photos-staff.001-150x150.jpg 150w, https:\/\/petits-chanteurs-strasbourg.com\/wp-content\/uploads\/2024\/09\/photos-staff.001-300x300.jpg 300w, https:\/\/petits-chanteurs-strasbourg.com\/wp-content\/uploads\/2024\/09\/photos-staff.001-650x650.jpg 650w, https:\/\/petits-chanteurs-strasbourg.com\/wp-content\/uploads\/2024\/09\/photos-staff.001.jpg 748w\" sizes=\"(max-width: 150px) 100vw, 150px\" \/>\t\t<\/a>\n\t\t\t<\/div>\n<\/div>\n\t\t<\/div>\n\t\t<div class=\"qodef-e-content\">\n\t\t\t\t\t\t<div class=\"qodef-e-text\">\n\t\t\t\t<h5 itemprop=\"name\" class=\"qodef-e-title entry-title\">\n\t<a itemprop=\"url\" class=\"qodef-e-title-link\" href=\"https:\/\/petits-chanteurs-strasbourg.com\/index.php\/2023\/02\/11\/alexia-walter\/\">\n\t\tALEXIA WALTER\t<\/a>\n<\/h5>\n\t\t\t<\/div>\n\t\t\t\t\t\t\t<div class=\"qodef-e-info qodef-info--bottom\">\n\t\t\t\t\t\t<div class=\"qodef-e-read-more\">\n\t\t<a class=\"qodef-shortcode qodef-m qodef-qi-button qodef-html--link qodef-layout--filled qodef-type--standard qodef-icon--right qodef-hover--icon-move-horizontal-short\" href=\"https:\/\/petits-chanteurs-strasbourg.com\/index.php\/2023\/02\/11\/alexia-walter\/\" target=\"_self\">\t<span class=\"qodef-m-text\">Lire la suite<\/span>\t<\/a>\t<\/div>\n\t\t\t\t<\/div>\n\t\t\t\t\t<\/div>\n\t<\/div>\n<\/article>\n\t<\/div>\n\t<\/div>\n\t\t\t\t<\/div>\n\t\t\t\t<\/div>\n\t\t\t\t\t<\/div>\n\t\t<\/div>\n\t\t\t\t\t<\/div>\n\t\t<\/section>\n\t\t\t\t<section class=\"elementor-section elementor-top-section elementor-element elementor-element-80cfcdd elementor-section-boxed elementor-section-height-default elementor-section-height-default qodef-elementor-content-no\" data-id=\"80cfcdd\" data-element_type=\"section\" data-e-type=\"section\">\n\t\t\t\t\t\t<div class=\"elementor-container elementor-column-gap-default\">\n\t\t\t\t\t<div class=\"elementor-column elementor-col-100 elementor-top-column elementor-element elementor-element-b82caa3\" data-id=\"b82caa3\" data-element_type=\"column\" data-e-type=\"column\">\n\t\t\t<div class=\"elementor-widget-wrap elementor-element-populated\">\n\t\t\t\t\t\t<div class=\"elementor-element elementor-element-f663899 elementor-widget elementor-widget-spacer\" data-id=\"f663899\" data-element_type=\"widget\" data-e-type=\"widget\" data-widget_type=\"spacer.default\">\n\t\t\t\t<div class=\"elementor-widget-container\">\n\t\t\t\t\t\t\t<div class=\"elementor-spacer\">\n\t\t\t<div class=\"elementor-spacer-inner\"><\/div>\n\t\t<\/div>\n\t\t\t\t\t\t<\/div>\n\t\t\t\t<\/div>\n\t\t\t\t\t<\/div>\n\t\t<\/div>\n\t\t\t\t\t<\/div>\n\t\t<\/section>\n\t\t\t\t<section class=\"elementor-section elementor-top-section elementor-element elementor-element-944ef13 elementor-section-boxed elementor-section-height-default elementor-section-height-default qodef-elementor-content-no\" data-id=\"944ef13\" data-element_type=\"section\" data-e-type=\"section\">\n\t\t\t\t\t\t<div class=\"elementor-container elementor-column-gap-default\">\n\t\t\t\t\t<div class=\"elementor-column elementor-col-100 elementor-top-column elementor-element elementor-element-8419bf2\" data-id=\"8419bf2\" data-element_type=\"column\" data-e-type=\"column\">\n\t\t\t<div class=\"elementor-widget-wrap elementor-element-populated\">\n\t\t\t\t\t\t<div class=\"elementor-element elementor-element-fb662db elementor-align-center elementor-widget elementor-widget-button\" data-id=\"fb662db\" data-element_type=\"widget\" data-e-type=\"widget\" data-widget_type=\"button.default\">\n\t\t\t\t<div class=\"elementor-widget-container\">\n\t\t\t\t\t\t\t\t\t<div class=\"elementor-button-wrapper\">\n\t\t\t\t\t<a class=\"elementor-button elementor-button-link elementor-size-sm\" href=\"https:\/\/petits-chanteurs-strasbourg.com\/index.php\/organisation-pedagogique\/\">\n\t\t\t\t\t\t<span class=\"elementor-button-content-wrapper\">\n\t\t\t\t\t\t\t\t\t<span class=\"elementor-button-text\">RETOUR<\/span>\n\t\t\t\t\t<\/span>\n\t\t\t\t\t<\/a>\n\t\t\t\t<\/div>\n\t\t\t\t\t\t\t\t<\/div>\n\t\t\t\t<\/div>\n\t\t\t\t\t<\/div>\n\t\t<\/div>\n\t\t\t\t\t<\/div>\n\t\t<\/section>\n\t\t\t\t<\/div>\n\t\t","protected":false},"excerpt":{"rendered":"<p>https:\/\/petits-chanteurs-strasbourg.com\/wp-content\/uploads\/2025\/03\/form-mus-PA-1.m4v L&rsquo;objectif de la formation musicale en p\u00e9dagogies actives est de permettre \u00e0 chaque enfant de se repr\u00e9senter mentalement la musique et, ainsi, d\u00e9velopper son oreille musicale. La musique peut alors \u00eatre per\u00e7ue comme une nouvelle langue qu&rsquo;on apprend avec son alphabet, ses codes, ses expressions&#8230; Les enfants interpr\u00e8tent tr\u00e8s naturellement \u00e0 leur fa\u00e7on afin [&hellip;]<\/p>\n","protected":false},"author":2,"featured_media":0,"parent":0,"menu_order":0,"comment_status":"closed","ping_status":"closed","template":"","meta":{"_bbp_topic_count":0,"_bbp_reply_count":0,"_bbp_total_topic_count":0,"_bbp_total_reply_count":0,"_bbp_voice_count":0,"_bbp_anonymous_reply_count":0,"_bbp_topic_count_hidden":0,"_bbp_reply_count_hidden":0,"_bbp_forum_subforum_count":0,"footnotes":""},"class_list":["post-11423","page","type-page","status-publish","hentry"],"_links":{"self":[{"href":"https:\/\/petits-chanteurs-strasbourg.com\/index.php\/wp-json\/wp\/v2\/pages\/11423","targetHints":{"allow":["GET"]}}],"collection":[{"href":"https:\/\/petits-chanteurs-strasbourg.com\/index.php\/wp-json\/wp\/v2\/pages"}],"about":[{"href":"https:\/\/petits-chanteurs-strasbourg.com\/index.php\/wp-json\/wp\/v2\/types\/page"}],"author":[{"embeddable":true,"href":"https:\/\/petits-chanteurs-strasbourg.com\/index.php\/wp-json\/wp\/v2\/users\/2"}],"replies":[{"embeddable":true,"href":"https:\/\/petits-chanteurs-strasbourg.com\/index.php\/wp-json\/wp\/v2\/comments?post=11423"}],"version-history":[{"count":13,"href":"https:\/\/petits-chanteurs-strasbourg.com\/index.php\/wp-json\/wp\/v2\/pages\/11423\/revisions"}],"predecessor-version":[{"id":11457,"href":"https:\/\/petits-chanteurs-strasbourg.com\/index.php\/wp-json\/wp\/v2\/pages\/11423\/revisions\/11457"}],"wp:attachment":[{"href":"https:\/\/petits-chanteurs-strasbourg.com\/index.php\/wp-json\/wp\/v2\/media?parent=11423"}],"curies":[{"name":"wp","href":"https:\/\/api.w.org\/{rel}","templated":true}]}}

Formation musicale en pédagogies actives

<div data-elementor-type="wp-page" data-elementor-id="11423" class="elementor elementor-11423">
						<section class="elementor-section elementor-top-section elementor-element elementor-element-392ae39 elementor-section-boxed elementor-section-height-default elementor-section-height-default qodef-elementor-content-no" data-id="392ae39" data-element_type="section" data-e-type="section">
						<div class="elementor-container elementor-column-gap-default">
					<div class="elementor-column elementor-col-33 elementor-top-column elementor-element elementor-element-40ee64a" data-id="40ee64a" data-element_type="column" data-e-type="column">
			<div class="elementor-widget-wrap elementor-element-populated">
						<div class="elementor-element elementor-element-d007817 elementor-widget elementor-widget-video" data-id="d007817" data-element_type="widget" data-e-type="widget" data-settings="{&quot;video_type&quot;:&quot;hosted&quot;,&quot;autoplay&quot;:&quot;yes&quot;,&quot;play_on_mobile&quot;:&quot;yes&quot;,&quot;mute&quot;:&quot;yes&quot;,&quot;loop&quot;:&quot;yes&quot;,&quot;controls&quot;:&quot;yes&quot;}" data-widget_type="video.default">
				<div class="elementor-widget-container">
							<div class="e-hosted-video elementor-wrapper elementor-open-inline">
					<video class="elementor-video" src="https://petits-chanteurs-strasbourg.com/wp-content/uploads/2025/03/form-mus-PA-1.m4v" autoplay="" loop="" controls="" muted="muted" playsinline="" controlsList="nodownload"></video>
				</div>
						</div>
				</div>
					</div>
		</div>
				<div class="elementor-column elementor-col-66 elementor-top-column elementor-element elementor-element-28de1bc" data-id="28de1bc" data-element_type="column" data-e-type="column">
			<div class="elementor-widget-wrap elementor-element-populated">
						<div class="elementor-element elementor-element-0d138c8 elementor-widget elementor-widget-text-editor" data-id="0d138c8" data-element_type="widget" data-e-type="widget" data-widget_type="text-editor.default">
				<div class="elementor-widget-container">
									<p class="p1"><span class="s1">L&rsquo;objectif de la formation musicale en pédagogies actives est de permettre à chaque enfant de se représenter mentalement la musique et, ainsi, développer son oreille musicale.</span></p><p class="p1"><span class="s1">La musique peut alors être perçue comme une nouvelle langue qu&rsquo;on apprend avec son alphabet, ses codes, ses expressions&#8230;</span></p><p class="p1"><span class="s1">Les enfants interprètent très naturellement à leur façon afin de développer leur interprétation &#8211; d&rsquo;une rythmique, d&rsquo;une mélodie &#8211; de manière à mettre en avant une notion solfégique précise. </span></p><p class="p1"><span class="s1">En pratique, cela peut se traduire par des jeux d&rsquo;écoute, de coordination, d&rsquo;improvisation, de déplacement. Tous ensemble, en binôme, par petits groupes&#8230;</span></p>								</div>
				</div>
					</div>
		</div>
					</div>
		</section>
				<section class="elementor-section elementor-top-section elementor-element elementor-element-e512f2a elementor-section-boxed elementor-section-height-default elementor-section-height-default qodef-elementor-content-no" data-id="e512f2a" data-element_type="section" data-e-type="section">
						<div class="elementor-container elementor-column-gap-default">
					<div class="elementor-column elementor-col-100 elementor-top-column elementor-element elementor-element-6d30e72" data-id="6d30e72" data-element_type="column" data-e-type="column">
			<div class="elementor-widget-wrap elementor-element-populated">
						<div class="elementor-element elementor-element-8314f0f elementor-widget elementor-widget-text-editor" data-id="8314f0f" data-element_type="widget" data-e-type="widget" data-widget_type="text-editor.default">
				<div class="elementor-widget-container">
									<p class="p1"><span class="s1">Apprendre une notion par le biais du mouvement ou des émotions ressenties est stimulant et leur permet de mieux retenir et d&rsquo;ancrer plus naturellement les notions apprises.</span></p><p class="p1"><span class="s1"> Apprendre à ressentir pour mieux faire. </span></p>								</div>
				</div>
					</div>
		</div>
					</div>
		</section>
				<section class="elementor-section elementor-top-section elementor-element elementor-element-2bc229a elementor-section-boxed elementor-section-height-default elementor-section-height-default qodef-elementor-content-no" data-id="2bc229a" data-element_type="section" data-e-type="section">
						<div class="elementor-container elementor-column-gap-default">
					<div class="elementor-column elementor-col-100 elementor-top-column elementor-element elementor-element-dae1e20" data-id="dae1e20" data-element_type="column" data-e-type="column">
			<div class="elementor-widget-wrap elementor-element-populated">
						<div class="elementor-element elementor-element-689a14b elementor-widget elementor-widget-spacer" data-id="689a14b" data-element_type="widget" data-e-type="widget" data-widget_type="spacer.default">
				<div class="elementor-widget-container">
							<div class="elementor-spacer">
			<div class="elementor-spacer-inner"></div>
		</div>
						</div>
				</div>
					</div>
		</div>
					</div>
		</section>
				<section class="elementor-section elementor-top-section elementor-element elementor-element-eed2a40 elementor-section-boxed elementor-section-height-default elementor-section-height-default qodef-elementor-content-no" data-id="eed2a40" data-element_type="section" data-e-type="section">
						<div class="elementor-container elementor-column-gap-default">
					<div class="elementor-column elementor-col-100 elementor-top-column elementor-element elementor-element-98a4e4d" data-id="98a4e4d" data-element_type="column" data-e-type="column">
			<div class="elementor-widget-wrap elementor-element-populated">
						<div class="elementor-element elementor-element-652a510 elementor-widget elementor-widget-qi_addons_for_elementor_blog_list" data-id="652a510" data-element_type="widget" data-e-type="widget" data-widget_type="qi_addons_for_elementor_blog_list.default">
				<div class="elementor-widget-container">
					<div class="qodef-shortcode qodef-m qodef-addons-blog-list qodef-alignment--centered qodef-info-no-icons qodef-image--hover-zoom qodef-qi-grid qodef-layout--qi-columns qodef-col-num--4 qodef-item-layout--boxed qodef-responsive--predefined" >
	<div class="qodef-grid-inner">
		<article class="qodef-e qodef-blog-item qodef-grid-item qodef-item--thumbnail post-4946 post type-post status-publish format-standard has-post-thumbnail hentry category-cham category-formation-musicale category-les-intervenants">
	<div class="qodef-e-inner">
		<div class="qodef-e-media-holder">
			<div class="qodef-e-media">
		<div class="qodef-e-media-image">
		<a itemprop="url" href="https://petits-chanteurs-strasbourg.com/index.php/2023/02/11/alexia-walter/">
			<img decoding="async" width="150" height="150" src="https://petits-chanteurs-strasbourg.com/wp-content/uploads/2024/09/photos-staff.001-150x150.jpg" class="attachment-thumbnail size-thumbnail" alt="" srcset="https://petits-chanteurs-strasbourg.com/wp-content/uploads/2024/09/photos-staff.001-150x150.jpg 150w, https://petits-chanteurs-strasbourg.com/wp-content/uploads/2024/09/photos-staff.001-300x300.jpg 300w, https://petits-chanteurs-strasbourg.com/wp-content/uploads/2024/09/photos-staff.001-650x650.jpg 650w, https://petits-chanteurs-strasbourg.com/wp-content/uploads/2024/09/photos-staff.001.jpg 748w" sizes="(max-width: 150px) 100vw, 150px" />		</a>
			</div>
</div>
		</div>
		<div class="qodef-e-content">
						<div class="qodef-e-text">
				<h5 itemprop="name" class="qodef-e-title entry-title">
	<a itemprop="url" class="qodef-e-title-link" href="https://petits-chanteurs-strasbourg.com/index.php/2023/02/11/alexia-walter/">
		ALEXIA WALTER	</a>
</h5>
			</div>
							<div class="qodef-e-info qodef-info--bottom">
						<div class="qodef-e-read-more">
		<a class="qodef-shortcode qodef-m qodef-qi-button qodef-html--link qodef-layout--filled qodef-type--standard qodef-icon--right qodef-hover--icon-move-horizontal-short" href="https://petits-chanteurs-strasbourg.com/index.php/2023/02/11/alexia-walter/" target="_self">	<span class="qodef-m-text">Lire la suite</span>	</a>	</div>
				</div>
					</div>
	</div>
</article>
	</div>
	</div>
				</div>
				</div>
					</div>
		</div>
					</div>
		</section>
				<section class="elementor-section elementor-top-section elementor-element elementor-element-80cfcdd elementor-section-boxed elementor-section-height-default elementor-section-height-default qodef-elementor-content-no" data-id="80cfcdd" data-element_type="section" data-e-type="section">
						<div class="elementor-container elementor-column-gap-default">
					<div class="elementor-column elementor-col-100 elementor-top-column elementor-element elementor-element-b82caa3" data-id="b82caa3" data-element_type="column" data-e-type="column">
			<div class="elementor-widget-wrap elementor-element-populated">
						<div class="elementor-element elementor-element-f663899 elementor-widget elementor-widget-spacer" data-id="f663899" data-element_type="widget" data-e-type="widget" data-widget_type="spacer.default">
				<div class="elementor-widget-container">
							<div class="elementor-spacer">
			<div class="elementor-spacer-inner"></div>
		</div>
						</div>
				</div>
					</div>
		</div>
					</div>
		</section>
				<section class="elementor-section elementor-top-section elementor-element elementor-element-944ef13 elementor-section-boxed elementor-section-height-default elementor-section-height-default qodef-elementor-content-no" data-id="944ef13" data-element_type="section" data-e-type="section">
						<div class="elementor-container elementor-column-gap-default">
					<div class="elementor-column elementor-col-100 elementor-top-column elementor-element elementor-element-8419bf2" data-id="8419bf2" data-element_type="column" data-e-type="column">
			<div class="elementor-widget-wrap elementor-element-populated">
						<div class="elementor-element elementor-element-fb662db elementor-align-center elementor-widget elementor-widget-button" data-id="fb662db" data-element_type="widget" data-e-type="widget" data-widget_type="button.default">
				<div class="elementor-widget-container">
									<div class="elementor-button-wrapper">
					<a class="elementor-button elementor-button-link elementor-size-sm" href="https://petits-chanteurs-strasbourg.com/index.php/organisation-pedagogique/">
						<span class="elementor-button-content-wrapper">
									<span class="elementor-button-text">RETOUR</span>
					</span>
					</a>
				</div>
								</div>
				</div>
					</div>
		</div>
					</div>
		</section>
				</div>

<p>https://petits-chanteurs-strasbourg.com/wp-content/uploads/2025/03/form-mus-PA-1.m4v L&rsquo;objectif de la formation musicale en pédagogies actives est de permettre à chaque enfant de se représenter mentalement la musique et, ainsi, développer son oreille musicale. La musique peut alors être perçue comme une nouvelle langue qu&rsquo;on apprend avec son alphabet, ses codes, ses expressions&#8230; Les enfants interprètent très naturellement à leur façon afin [&hellip;]</p>
