{"id":4519,"date":"2023-02-08T14:09:51","date_gmt":"2023-02-08T13:09:51","guid":{"rendered":"https:\/\/preprod.petits-chanteurs-strasbourg.com\/?page_id=4519"},"modified":"2025-03-12T09:04:09","modified_gmt":"2025-03-12T08:04:09","slug":"la-maitrise","status":"publish","type":"page","link":"https:\/\/petits-chanteurs-strasbourg.com\/index.php\/la-maitrise\/","title":{"rendered":"La ma\u00eetrise"},"content":{"rendered":"\t\t<div data-elementor-type=\"wp-page\" data-elementor-id=\"4519\" class=\"elementor elementor-4519\">\n\t\t\t\t\t\t<section class=\"elementor-section elementor-top-section elementor-element elementor-element-b38f0f2 elementor-section-boxed elementor-section-height-default elementor-section-height-default qodef-elementor-content-no\" data-id=\"b38f0f2\" data-element_type=\"section\" data-e-type=\"section\">\n\t\t\t\t\t\t<div class=\"elementor-container elementor-column-gap-default\">\n\t\t\t\t\t<div class=\"elementor-column elementor-col-100 elementor-top-column elementor-element elementor-element-fc46028\" data-id=\"fc46028\" data-element_type=\"column\" data-e-type=\"column\">\n\t\t\t<div class=\"elementor-widget-wrap elementor-element-populated\">\n\t\t\t\t\t\t<div class=\"elementor-element elementor-element-f986bab elementor-widget elementor-widget-text-editor\" data-id=\"f986bab\" data-element_type=\"widget\" data-e-type=\"widget\" data-widget_type=\"text-editor.default\">\n\t\t\t\t<div class=\"elementor-widget-container\">\n\t\t\t\t\t\t\t\t\t<p><a href=\"\/index.php\/qui-sommes-nous\/\"><strong>QUI SOMMES-NOUS ?<\/strong><\/a><\/p>\n<p><a href=\"\/index.php\/les-choeurs\/\"><strong>LES CH\u0152URS<\/strong><\/a><\/p>\n<p><a href=\"\/index.php\/lequipe\/\"><strong>L&rsquo;\u00c9QUIPE<\/strong><\/a><\/p>\n<p><a href=\"\/index.php\/organisation-pedagogique\/\"><strong>ORGANISATION P\u00c9DAGOGIQUE<\/strong><\/a><\/p>\n<p><a href=\"https:\/\/petits-chanteurs-strasbourg.com\/index.php\/les-cham\/\"><b>LES CHAM DE LA MA\u00ceTRISE<\/b><\/a><\/p>\n<p><a href=\"\/index.php\/rejoignez-nous\/\"><strong>REJOIGNEZ-NOUS !<\/strong><\/a><\/p>\n<p><a href=\"https:\/\/chantez.eu\"><strong>CHANTEZ.EU<\/strong><\/a><\/p>\n<p><a href=\"\/index.php\/nos-partenaires\/\"><strong>NOS PARTENAIRES<\/strong><\/a><\/p>\t\t\t\t\t\t\t\t<\/div>\n\t\t\t\t<\/div>\n\t\t\t\t\t<\/div>\n\t\t<\/div>\n\t\t\t\t\t<\/div>\n\t\t<\/section>\n\t\t\t\t<section class=\"elementor-section elementor-top-section elementor-element elementor-element-8342d50 elementor-section-boxed elementor-section-height-default elementor-section-height-default qodef-elementor-content-no\" data-id=\"8342d50\" data-element_type=\"section\" data-e-type=\"section\">\n\t\t\t\t\t\t<div class=\"elementor-container elementor-column-gap-default\">\n\t\t\t\t\t<div class=\"elementor-column elementor-col-100 elementor-top-column elementor-element elementor-element-d227e58\" data-id=\"d227e58\" data-element_type=\"column\" data-e-type=\"column\">\n\t\t\t<div class=\"elementor-widget-wrap elementor-element-populated\">\n\t\t\t\t\t\t<div class=\"elementor-element elementor-element-15f3ec2 elementor-widget elementor-widget-spacer\" data-id=\"15f3ec2\" data-element_type=\"widget\" data-e-type=\"widget\" data-widget_type=\"spacer.default\">\n\t\t\t\t<div class=\"elementor-widget-container\">\n\t\t\t\t\t\t\t<div class=\"elementor-spacer\">\n\t\t\t<div class=\"elementor-spacer-inner\"><\/div>\n\t\t<\/div>\n\t\t\t\t\t\t<\/div>\n\t\t\t\t<\/div>\n\t\t\t\t\t<\/div>\n\t\t<\/div>\n\t\t\t\t\t<\/div>\n\t\t<\/section>\n\t\t\t\t<section class=\"elementor-section elementor-top-section elementor-element elementor-element-801db35 elementor-section-boxed elementor-section-height-default elementor-section-height-default qodef-elementor-content-no\" data-id=\"801db35\" data-element_type=\"section\" data-e-type=\"section\">\n\t\t\t\t\t\t<div class=\"elementor-container elementor-column-gap-default\">\n\t\t\t\t\t<div class=\"elementor-column elementor-col-100 elementor-top-column elementor-element elementor-element-8b5d45e\" data-id=\"8b5d45e\" data-element_type=\"column\" data-e-type=\"column\">\n\t\t\t<div class=\"elementor-widget-wrap elementor-element-populated\">\n\t\t\t\t\t\t<div class=\"elementor-element elementor-element-4fa2e9b elementor-widget elementor-widget-image\" data-id=\"4fa2e9b\" data-element_type=\"widget\" data-e-type=\"widget\" data-widget_type=\"image.default\">\n\t\t\t\t<div class=\"elementor-widget-container\">\n\t\t\t\t\t\t\t\t\t\t\t\t\t\t\t<img fetchpriority=\"high\" decoding=\"async\" width=\"1300\" height=\"1192\" src=\"https:\/\/petits-chanteurs-strasbourg.com\/wp-content\/uploads\/2023\/01\/Capture-decran-2023-01-30-a-02.18.55-1300x1192.jpg\" class=\"attachment-songbook_image_size_huge-square size-songbook_image_size_huge-square wp-image-4215\" alt=\"\" \/>\t\t\t\t\t\t\t\t\t\t\t\t\t\t\t<\/div>\n\t\t\t\t<\/div>\n\t\t\t\t\t<\/div>\n\t\t<\/div>\n\t\t\t\t\t<\/div>\n\t\t<\/section>\n\t\t\t\t<\/div>\n\t\t","protected":false},"excerpt":{"rendered":"<p>QUI SOMMES-NOUS ? LES CH\u0152URS L&rsquo;\u00c9QUIPE ORGANISATION P\u00c9DAGOGIQUE LES CHAM DE LA MA\u00ceTRISE REJOIGNEZ-NOUS ! CHANTEZ.EU NOS PARTENAIRES<\/p>\n","protected":false},"author":2,"featured_media":0,"parent":0,"menu_order":0,"comment_status":"closed","ping_status":"closed","template":"elementor_header_footer","meta":{"_bbp_topic_count":0,"_bbp_reply_count":0,"_bbp_total_topic_count":0,"_bbp_total_reply_count":0,"_bbp_voice_count":0,"_bbp_anonymous_reply_count":0,"_bbp_topic_count_hidden":0,"_bbp_reply_count_hidden":0,"_bbp_forum_subforum_count":0,"footnotes":""},"class_list":["post-4519","page","type-page","status-publish","hentry"],"_links":{"self":[{"href":"https:\/\/petits-chanteurs-strasbourg.com\/index.php\/wp-json\/wp\/v2\/pages\/4519","targetHints":{"allow":["GET"]}}],"collection":[{"href":"https:\/\/petits-chanteurs-strasbourg.com\/index.php\/wp-json\/wp\/v2\/pages"}],"about":[{"href":"https:\/\/petits-chanteurs-strasbourg.com\/index.php\/wp-json\/wp\/v2\/types\/page"}],"author":[{"embeddable":true,"href":"https:\/\/petits-chanteurs-strasbourg.com\/index.php\/wp-json\/wp\/v2\/users\/2"}],"replies":[{"embeddable":true,"href":"https:\/\/petits-chanteurs-strasbourg.com\/index.php\/wp-json\/wp\/v2\/comments?post=4519"}],"version-history":[{"count":13,"href":"https:\/\/petits-chanteurs-strasbourg.com\/index.php\/wp-json\/wp\/v2\/pages\/4519\/revisions"}],"predecessor-version":[{"id":11489,"href":"https:\/\/petits-chanteurs-strasbourg.com\/index.php\/wp-json\/wp\/v2\/pages\/4519\/revisions\/11489"}],"wp:attachment":[{"href":"https:\/\/petits-chanteurs-strasbourg.com\/index.php\/wp-json\/wp\/v2\/media?parent=4519"}],"curies":[{"name":"wp","href":"https:\/\/api.w.org\/{rel}","templated":true}]}}

La maîtrise

<div data-elementor-type="wp-page" data-elementor-id="4519" class="elementor elementor-4519">
						<section class="elementor-section elementor-top-section elementor-element elementor-element-b38f0f2 elementor-section-boxed elementor-section-height-default elementor-section-height-default qodef-elementor-content-no" data-id="b38f0f2" data-element_type="section" data-e-type="section">
						<div class="elementor-container elementor-column-gap-default">
					<div class="elementor-column elementor-col-100 elementor-top-column elementor-element elementor-element-fc46028" data-id="fc46028" data-element_type="column" data-e-type="column">
			<div class="elementor-widget-wrap elementor-element-populated">
						<div class="elementor-element elementor-element-f986bab elementor-widget elementor-widget-text-editor" data-id="f986bab" data-element_type="widget" data-e-type="widget" data-widget_type="text-editor.default">
				<div class="elementor-widget-container">
									<p><a href="/index.php/qui-sommes-nous/"><strong>QUI SOMMES-NOUS ?</strong></a></p>
<p><a href="/index.php/les-choeurs/"><strong>LES CHŒURS</strong></a></p>
<p><a href="/index.php/lequipe/"><strong>L&rsquo;ÉQUIPE</strong></a></p>
<p><a href="/index.php/organisation-pedagogique/"><strong>ORGANISATION PÉDAGOGIQUE</strong></a></p>
<p><a href="https://petits-chanteurs-strasbourg.com/index.php/les-cham/"><b>LES CHAM DE LA MAÎTRISE</b></a></p>
<p><a href="/index.php/rejoignez-nous/"><strong>REJOIGNEZ-NOUS !</strong></a></p>
<p><a href="https://chantez.eu"><strong>CHANTEZ.EU</strong></a></p>
<p><a href="/index.php/nos-partenaires/"><strong>NOS PARTENAIRES</strong></a></p>								</div>
				</div>
					</div>
		</div>
					</div>
		</section>
				<section class="elementor-section elementor-top-section elementor-element elementor-element-8342d50 elementor-section-boxed elementor-section-height-default elementor-section-height-default qodef-elementor-content-no" data-id="8342d50" data-element_type="section" data-e-type="section">
						<div class="elementor-container elementor-column-gap-default">
					<div class="elementor-column elementor-col-100 elementor-top-column elementor-element elementor-element-d227e58" data-id="d227e58" data-element_type="column" data-e-type="column">
			<div class="elementor-widget-wrap elementor-element-populated">
						<div class="elementor-element elementor-element-15f3ec2 elementor-widget elementor-widget-spacer" data-id="15f3ec2" data-element_type="widget" data-e-type="widget" data-widget_type="spacer.default">
				<div class="elementor-widget-container">
							<div class="elementor-spacer">
			<div class="elementor-spacer-inner"></div>
		</div>
						</div>
				</div>
					</div>
		</div>
					</div>
		</section>
				<section class="elementor-section elementor-top-section elementor-element elementor-element-801db35 elementor-section-boxed elementor-section-height-default elementor-section-height-default qodef-elementor-content-no" data-id="801db35" data-element_type="section" data-e-type="section">
						<div class="elementor-container elementor-column-gap-default">
					<div class="elementor-column elementor-col-100 elementor-top-column elementor-element elementor-element-8b5d45e" data-id="8b5d45e" data-element_type="column" data-e-type="column">
			<div class="elementor-widget-wrap elementor-element-populated">
						<div class="elementor-element elementor-element-4fa2e9b elementor-widget elementor-widget-image" data-id="4fa2e9b" data-element_type="widget" data-e-type="widget" data-widget_type="image.default">
				<div class="elementor-widget-container">
															<img fetchpriority="high" decoding="async" width="1300" height="1192" src="https://petits-chanteurs-strasbourg.com/wp-content/uploads/2023/01/Capture-decran-2023-01-30-a-02.18.55-1300x1192.jpg" class="attachment-songbook_image_size_huge-square size-songbook_image_size_huge-square wp-image-4215" alt="" />															</div>
				</div>
					</div>
		</div>
					</div>
		</section>
				</div>

<p>QUI SOMMES-NOUS ? LES CHŒURS L&rsquo;ÉQUIPE ORGANISATION PÉDAGOGIQUE LES CHAM DE LA MAÎTRISE REJOIGNEZ-NOUS ! CHANTEZ.EU NOS PARTENAIRES</p>
